8493
List the prime factors of 5302075.
5, 23, 9221
What are the prime factors of 3848664?
2, 3, 17, 9433
List the prime factors of 511710.
2, 3, 5, 37, 461
List the prime factors of 1970708.
2, 17, 73, 397
What are the prime factors of 17410439?
17410439
What are the prime factors of 192088?
2, 13, 1847
List the prime factors of 94751.
41, 2311
List the prime factors of 426989.
17, 25117
What are the prime factors of 10387233?
3, 167, 6911
What are the prime factors of 450279?
3, 17, 109
List the prime factors of 819135.
3, 5, 109, 167
List the prime factors of 28040054.
2, 7, 359, 797
What are the prime factors of 8802930?
2, 3, 5, 293431
What are the prime factors of 220425?
3, 5, 2939
List the prime factors of 9183964.
2, 571, 4021
List the prime factors of 662936.
2, 173, 479
List the prime factors of 3497461.
11, 17, 59, 317
What are the prime factors of 3753104?
2, 127, 1847
What are the prime factors of 1809573?
3, 603191
List the prime factors of 61926.
2, 3, 10321
List the prime factors of 4065423.
3, 29, 83, 563
List the prime factors of 36582.
2, 3, 7, 13, 67
What are the prime factors of 35632063?
47, 431, 1759
List the prime factors of 328437.
3, 36493
List the prime factors of 893670.
2, 3, 5, 29789
List the prime factors of 9725374.
2, 79, 61553
List the prime factors of 596841.
3, 7, 97, 293
List the prime factors of 110760.
2, 3, 5, 13, 71
What are the prime factors of 10115014?
2, 7, 13, 149, 373
What are the prime factors of 1118239?
751, 1489
List the prime factors of 134728.
2, 11, 1531
What are the prime factors of 1111452?
2, 3, 23, 4027
What are the prime factors of 2419895?
5, 113, 4283
What are the prime factors of 4161401?
53, 78517
List the prime factors of 29838179.
7, 17, 250741
What are the prime factors of 39792405?
3, 5, 2652827
What are the prime factors of 174339?
3, 11, 587
List the prime factors of 3869818.
2, 29, 66721
List the prime factors of 297183.
3, 23, 59, 73
What are the prime factors of 13992264?
2, 3, 11, 13, 151
List the prime factors of 618687.
3, 68743
What are the prime factors of 15506355?
3, 5, 31, 33347
List the prime factors of 602969.
431, 1399
What are the prime factors of 6715142?
2, 7, 67, 7159
List the prime factors of 2548218.
2, 3, 239, 1777
List the prime factors of 9909736.
2, 1238717
List the prime factors of 2695296.
2, 3, 7019
What are the prime factors of 188322?
2, 3, 31387
What are the prime factors of 3353869?
3353869
List the prime factors of 1153938.
2, 3, 192323
List the prime factors of 15310.
2, 5, 1531
What are the prime factors of 13111812?
2, 3, 7, 7433
List the prime factors of 5627431.
409, 13759
What are the prime factors of 1556645?
5, 311329
What are the prime factors of 1537339?
241, 6379
What are the prime factors of 5175304?
2, 646913
List the prime factors of 834989.
17, 49117
What are the prime factors of 538353?
3, 127, 157
List the prime factors of 120065.
5, 11, 37, 59
What are the prime factors of 10805203?
10805203
List the prime factors of 660004.
2, 165001
What are the prime factors of 2301064?
2, 383, 751
List the prime factors of 19914.
2, 3, 3319
List the prime factors of 9161010.
2, 3, 5, 101789
List the prime factors of 7120254.
2, 3, 29, 151, 271
List the prime factors of 4226461.
947, 4463
What are the prime factors of 1292727?
3, 430909
List the prime factors of 10650573.
3, 1183397
List the prime factors of 1856090.
2, 5, 313, 593
List the prime factors of 1115879.
1115879
List the prime factors of 3261966.
2, 3, 543661
What are the prime factors of 1273331?
1273331
List the prime factors of 593748.
2, 3, 16493
List the prime factors of 2124590.
2, 5, 13, 59, 277
What are the prime factors of 563575?
5, 22543
What are the prime factors of 3709640?
2, 5, 11, 8431
List the prime factors of 7749931.
7, 29, 38177
What are the prime factors of 194291?
97, 2003
What are the prime factors of 851400?
2, 3, 5, 11, 43
What are the prime factors of 22896860?
2, 5, 7, 41, 3989
What are the prime factors of 7454489?
7, 1064927
What are the prime factors of 5820951?
3, 37, 229
List the prime factors of 6157969.
6157969
What are the prime factors of 13497309?
3, 7, 214243
What are the prime factors of 1469514?
2, 3, 17, 14407
List the prime factors of 3454700.
2, 5, 179, 193
What are the prime factors of 298396?
2, 7, 10657
List the prime factors of 5449527.
3, 605503
What are the prime factors of 6685684?
2, 1671421
What are the prime factors of 2994456?
2, 3, 124769
List the prime factors of 1862731.
13, 143287
List the prime factors of 2986098.
2, 3, 47, 10589
What are the prime factors of 14573805?
3, 5, 29, 33503
What are the prime factors of 1878406?
2, 939203
List the prime factors of 324144.
2, 3, 2251
What are the prime factors of 452168?
2, 29, 1949
What are the prime factors of 769807?
769807
What are the prime factors of 475219?
475219
List the prime factors of 156304.
2, 9769
List the prime factors of 20611425.
3, 5, 199, 1381
What are the prime factors of 6646751?
19, 349829
What are the prime factors of 2702252?
2, 7, 17, 811
What are the prime factors of 2867859?
3, 106217
List the prime factors of 177778.
2, 103, 863
List the prime factors of 139159.
31, 67
What are the prime factors of 5499230?
2, 5, 11, 49993
What are the prime factors of 57100?
2, 5, 571
List the prime factors of 4516151.
4516151
What are the prime factors of 190405?
5, 113, 337
List the prime factors of 13077452.
2, 3269363
What are the prime factors of 392962?
2, 61, 3221
List the prime factors of 4239675.
3, 5, 11, 571
List the prime factors of 4014045.
3, 5, 7, 12743
What are the prime factors of 1316720?
2, 5, 109, 151
List the prime factors of 76519.
76519
List the prime factors of 893089.
233, 3833
List the prime factors of 8432952.
2, 3, 11, 17, 1879
List the prime factors of 480585.
3, 5, 7, 23, 199
List the prime factors of 357108.
2, 3, 29759
What are the prime factors of 1622099?
601, 2699
List the prime factors of 2589881.
7, 369983
What are the prime factors of 11456520?
2, 3, 5, 95471
What are the prime factors of 2097628?
2, 13, 29, 107
List the prime factors of 8116029.
3, 901781
List the prime factors of 4295949.
3, 7, 31, 6599
List the prime factors of 9974062.
2, 7, 712433
What are the prime factors of 540968?
2, 19, 3559
What are the prime factors of 441317?
223, 1979
What are the prime factors of 579617?
41, 67, 211
List the prime factors of 1644981.
3, 13, 42179
List the prime factors of 715094.
2, 167, 2141
What are the prime factors of 8651966?
2, 997, 4339
List the prime factors of 10727250.
2, 3, 5, 14303
List the prime factors of 456802.
2, 37, 6173
List the prime factors of 28987320.
2, 3, 5, 241561
List the prime factors of 780617.
61, 67, 191
List the prime factors of 122907.
3, 53, 773
What are the prime factors of 611773?
191, 3203
What are the prime factors of 157416?
2, 3, 7, 937
List the prime factors of 18882467.
271, 69677
List the prime factors of 226357.
226357
What are the prime factors of 868718?
2, 19, 22861
List the prime factors of 3208876.
2, 11, 233, 313
What are the prime factors of 2059509?
3, 686503
List the prime factors of 555730.
2, 5, 7, 17, 467
What are the prime factors of 964108?
2, 241027
List the prime factors of 9229841.
97, 95153
List the prime factors of 104722.
2, 52361
What are the prime factors of 93165?
3, 5, 6211
List the prime factors of 15163154.
2, 31, 244567
List the prime factors of 1975522.
2, 53, 18637
What are the prime factors of 684264?
2, 3, 7, 4073
What are the prime factors of 17378398?
2, 569, 15271
What are the prime factors of 185221?
185221
List the prime factors of 17374488.
2, 3, 41, 17657
List the prime factors of 6980927.
6980927
What are the prime factors of 481474?
2, 7, 17
List the prime factors of 662105.
5, 132421
List the prime factors of 662934.
2, 3, 313, 353
List the prime factors of 6265712.
2, 263, 1489
What are the prime factors of 610475?
5, 24419
List the prime factors of 1835771.
7, 262253
List the prime factors of 3624030.
2, 3, 5, 67, 601
What are the prime factors of 4872631?
43, 47, 2411
What are the prime factors of 24381?
3, 7, 43
What are the prime factors of 240796?
2, 37, 1627
List the prime factors of 1115138.
2, 233, 2393
What are the prime factors o